{"version":"1.0","provider_name":"Noticias y Art\u00edculos de Cargox","provider_url":"https:\/\/www.cargox.com\/noticias","title":"Carb\u00f3n en Contenedores identificado como causante de Incendio en Barcos - Noticias y Art\u00edculos de Cargox","type":"rich","width":600,"height":338,"html":"<blockquote class=\"wp-embedded-content\" data-secret=\"EqwA7hdxMi\"><a href=\"https:\/\/www.cargox.com\/noticias\/2018\/06\/14\/carbon-identificado-como-causante-de-incendio-en-barcos\/\">Carb\u00f3n en Contenedores identificado como causante de Incendio en Barcos<\/a><\/blockquote><iframe sandbox=\"allow-scripts\" security=\"restricted\" src=\"https:\/\/www.cargox.com\/noticias\/2018\/06\/14\/carbon-identificado-como-causante-de-incendio-en-barcos\/embed\/#?secret=EqwA7hdxMi\" width=\"600\" height=\"338\" title=\"&#8220;Carb\u00f3n en Contenedores identificado como causante de Incendio en Barcos&#8221; &#8212; Noticias y Art\u00edculos de Cargox\" data-secret=\"EqwA7hdxMi\" frameborder=\"0\" marginwidth=\"0\" marginheight=\"0\" scrolling=\"no\" class=\"wp-embedded-content\"><\/iframe><script type=\"text\/javascript\">\n\/* <![CDATA[ *\/\n\/*! This file is auto-generated *\/\n!function(d,l){\"use strict\";l.querySelector&&d.addEventListener&&\"undefined\"!=typeof URL&&(d.wp=d.wp||{},d.wp.receiveEmbedMessage||(d.wp.receiveEmbedMessage=function(e){var t=e.data;if((t||t.secret||t.message||t.value)&&!\/[^a-zA-Z0-9]\/.test(t.secret)){for(var s,r,n,a=l.querySelectorAll('iframe[data-secret=\"'+t.secret+'\"]'),o=l.querySelectorAll('blockquote[data-secret=\"'+t.secret+'\"]'),c=new RegExp(\"^https?:$\",\"i\"),i=0;i<o.length;i++)o[i].style.display=\"none\";for(i=0;i<a.length;i++)s=a[i],e.source===s.contentWindow&&(s.removeAttribute(\"style\"),\"height\"===t.message?(1e3<(r=parseInt(t.value,10))?r=1e3:~~r<200&&(r=200),s.height=r):\"link\"===t.message&&(r=new URL(s.getAttribute(\"src\")),n=new URL(t.value),c.test(n.protocol))&&n.host===r.host&&l.activeElement===s&&(d.top.location.href=t.value))}},d.addEventListener(\"message\",d.wp.receiveEmbedMessage,!1),l.addEventListener(\"DOMContentLoaded\",function(){for(var e,t,s=l.querySelectorAll(\"iframe.wp-embedded-content\"),r=0;r<s.length;r++)(t=(e=s[r]).getAttribute(\"data-secret\"))||(t=Math.random().toString(36).substring(2,12),e.src+=\"#?secret=\"+t,e.setAttribute(\"data-secret\",t)),e.contentWindow.postMessage({message:\"ready\",secret:t},\"*\")},!1)))}(window,document);\n\/\/# sourceURL=https:\/\/www.cargox.com\/noticias\/wp-includes\/js\/wp-embed.min.js\n\/* ]]> *\/\n<\/script>\n","description":"Investigadores Federales en Alemania est\u00e1n llamando la atenci\u00f3n de la Organizaci\u00f3n Mar\u00edtima Internacional (IMO), para actualizar las regulaciones para el transporte de carga de Carb\u00f3n en contenedores, luego de dos incendios a bordo de dos barcos porta-contenedores. Ambos casos pudieron haber causado desastres de grandes magnitudes. En ambos casos se determin\u00f3 ignici\u00f3n espont\u00e1nea, o auto-combusti\u00f3n,...","thumbnail_url":"https:\/\/www.cargox.com\/noticias\/wp-content\/uploads\/2018\/06\/class_4.2_spontaneously_combustible_-300x298.gif"}

Noticias y Artículos de Cargox

Carbón en Contenedores identificado como causante de Incendio en Barcos - Noticias y Artículos de Cargox

<blockquote class="wp-embedded-content" data-secret="EqwA7hdxMi"><a href="https://www.cargox.com/noticias/2018/06/14/carbon-identificado-como-causante-de-incendio-en-barcos/">Carbón en Contenedores identificado como causante de Incendio en Barcos</a></blockquote><iframe sandbox="allow-scripts" security="restricted" src="https://www.cargox.com/noticias/2018/06/14/carbon-identificado-como-causante-de-incendio-en-barcos/embed/#?secret=EqwA7hdxMi" width="600" height="338" title="&#8220;Carbón en Contenedores identificado como causante de Incendio en Barcos&#8221; &#8212; Noticias y Artículos de Cargox" data-secret="EqwA7hdxMi" frameborder="0" marginwidth="0" marginheight="0" scrolling="no" class="wp-embedded-content"></iframe><script type="text/javascript">
/* <![CDATA[ */
/*! This file is auto-generated */
!function(d,l){"use strict";l.querySelector&&d.addEventListener&&"undefined"!=typeof URL&&(d.wp=d.wp||{},d.wp.receiveEmbedMessage||(d.wp.receiveEmbedMessage=function(e){var t=e.data;if((t||t.secret||t.message||t.value)&&!/[^a-zA-Z0-9]/.test(t.secret)){for(var s,r,n,a=l.querySelectorAll('iframe[data-secret="'+t.secret+'"]'),o=l.querySelectorAll('blockquote[data-secret="'+t.secret+'"]'),c=new RegExp("^https?:$","i"),i=0;i<o.length;i++)o[i].style.display="none";for(i=0;i<a.length;i++)s=a[i],e.source===s.contentWindow&&(s.removeAttribute("style"),"height"===t.message?(1e3<(r=parseInt(t.value,10))?r=1e3:~~r<200&&(r=200),s.height=r):"link"===t.message&&(r=new URL(s.getAttribute("src")),n=new URL(t.value),c.test(n.protocol))&&n.host===r.host&&l.activeElement===s&&(d.top.location.href=t.value))}},d.addEventListener("message",d.wp.receiveEmbedMessage,!1),l.addEventListener("DOMContentLoaded",function(){for(var e,t,s=l.querySelectorAll("iframe.wp-embedded-content"),r=0;r<s.length;r++)(t=(e=s[r]).getAttribute("data-secret"))||(t=Math.random().toString(36).substring(2,12),e.src+="#?secret="+t,e.setAttribute("data-secret",t)),e.contentWindow.postMessage({message:"ready",secret:t},"*")},!1)))}(window,document);
//# sourceURL=https://www.cargox.com/noticias/wp-includes/js/wp-embed.min.js
/* ]]> */
</script>

Investigadores Federales en Alemania están llamando la atención de la Organización Marítima Internacional (IMO), para actualizar las regulaciones para el transporte de carga de Carbón en contenedores, luego de dos incendios a bordo de dos barcos porta-contenedores. Ambos casos pudieron haber causado desastres de grandes magnitudes. En ambos casos se determinó ignición espontánea, o auto-combustión,...
